nder when 91565 is divided by 14528?
4397
Calculate the remainder when 78940 is divided by 84.
64
What is the remainder when 29047859 is divided by 855?
89
Calculate the remainder when 5409 is divided by 1425.
1134
Calculate the remainder when 7826366 is divided by 3913165.
36
Calculate the remainder when 694756 is divided by 231518.
202
Calculate the remainder when 920247 is divided by 9878.
1593
What is the remainder when 113305483 is divided by 7?
4
What is the remainder when 498019 is divided by 496978?
1041
Calculate the remainder when 308078 is divided by 102211.
1445
Calculate the remainder when 35371630 is divided by 262012.
10
What is the remainder when 2751098 is divided by 4162?
16
Calculate the remainder when 373136269 is divided by 16836.
1
Calculate the remainder when 41350376 is divided by 60.
56
Calculate the remainder when 177777 is divided by 4347.
3897
What is the remainder when 522982 is divided by 74699?
89
Calculate the remainder when 831893 is divided by 29.
28
Calculate the remainder when 495343 is divided by 6.
1
What is the remainder when 1832205 is divided by 495?
210
What is the remainder when 4892658 is divided by 2772?
78
Calculate the remainder when 9934559 is divided by 17.
14
Calculate the remainder when 67470534 is divided by 13494105.
9
Calculate the remainder when 1702649 is divided by 74.
57
Calculate the remainder when 1970814 is divided by 328450.
114
Calculate the remainder when 2785775 is divided by 2785361.
414
Calculate the remainder when 220241429 is divided by 4588363.
5
Calculate the remainder when 315539 is divided by 31548.
59
What is the remainder when 3018461 is divided by 3270?
251
What is the remainder when 3647625 is divided by 68823?
6
Calculate the remainder when 2008438 is divided by 33.
25
What is the remainder when 2797454 is divided by 1195?
1154
What is the remainder when 415327 is divided by 12570?
517
Calculate the remainder when 62350 is divided by 1701.
1114
Calculate the remainder when 785772 is divided by 1164.
72
Calculate the remainder when 4883448 is divided by 1627757.
177
Calculate the remainder when 39345622 is divided by 645.
622
Calculate the remainder when 18948741 is divided by 6316247.
0
Calculate the remainder when 42645 is divided by 380.
85
Calculate the remainder when 5730510 is divided by 14.
2
Calculate the remainder when 14706811 is divided by 109.
95
Calculate the remainder when 7488462 is divided by 1497668.
122
What is the remainder when 60089 is divided by 194?
143
Calculate the remainder when 3280392 is divided by 820096.
8
Calculate the remainder when 78872790 is divided by 286.
282
Calculate the remainder when 6045777 is divided by 34.
33
Calculate the remainder when 4129316 is divided by 153.
152
Calculate the remainder when 1899852 is divided by 4279.
4255
Calculate the remainder when 10650281 is divided by 101.
33
What is the remainder when 4807738 is divided by 320491?
373
Calculate the remainder when 3272984 is divided by 654555.
209
What is the remainder when 116556372 is divided by 1625?
1622
Calculate the remainder when 17949246 is divided by 1115.
1091
Calculate the remainder when 270536235 is divided by 65.
60
What is the remainder when 2303275 is divided by 668?
11
What is the remainder when 71764645 is divided by 2936?
2933
What is the remainder when 126758 is divided by 16610?
10488
What is the remainder when 85650 is divided by 20685?
2910
What is the remainder when 96613 is divided by 805?
13
What is the remainder when 4752721 is divided by 629?
626
What is the remainder when 9729014 is divided by 3242912?
278
Calculate the remainder when 25898721 is divided by 6474660.
81
Calculate the remainder when 176011247 is divided by 29.
10
What is the remainder when 84813766 is divided by 2844?
2842
What is the remainder when 4029597 is divided by 8?
5
Calculate the remainder when 14846120 is divided by 1059.
1058
What is the remainder when 24120 is divided by 524?
16
What is the remainder when 121515 is divided by 323?
67
What is the remainder when 6934119 is divided by 40?
39
Calculate the remainder when 9316577 is divided by 6232.
5969
What is the remainder when 36064931 is divided by 508?
487
Calculate the remainder when 2638719 is divided by 155.
154
Calculate the remainder when 40133985 is divided by 9.
6
What is the remainder when 7863938 is divided by 661?
21
Calculate the remainder when 140097 is divided by 27781.
1192
What is the remainder when 684275 is divided by 75?
50
Calculate the remainder when 48072 is divided by 158.
40
Calculate the remainder when 60090 is divided by 2250.
1590
Calculate the remainder when 14831 is divided by 625.
456
What is the remainder when 2271660 is divided by 693?
6
What is the remainder when 152532887 is divided by 6?
5
What is the remainder when 7506914 is divided by 162?
158
What is the remainder when 39517318 is divided by 81479?
3
Calculate the remainder when 1774034 is divided by 232.
162
What is the remainder when 629101 is divided by 628784?
317
Calculate the remainder when 450082147 is divided by 49.
46
What is the remainder when 19686886 is divided by 246?
244
What is the remainder when 732580 is divided by 8?
4
What is the remainder when 487558 is divided by 1204?
1142
Calculate the remainder when 41943841 is divided by 6990638.
13
Calculate the remainder when 1437417 is divided by 287481.
12
Calculate the remainder when 1591625 is divided by 194.
49
What is the remainder when 22295802 is divided by 34?
30
What is the remainder when 10154595 is divided by 122?
47
Calculate the remainder when 64987 is divided by 32466.
55
Calculate the remainder when 184110 is divided by 4186.
4112
Calculate the remainder when 6253354 is divided by 6167.
16
Calculate the remainder when 1543791 is divided by 385918.
119
Calculate the remainder when 1336996 is divided by 183.
181
Calculate the remainder when 8875335 is divided by 1143.
1083
What is the remainder when 521153 is divided by 1797?
23
What is the remainder when 15459130 is divided by 5153041?
7
Calculate the remainder when 972840 is divided by 819.
687
What is the remainder when 2948343 is divided by 737009?
307
What is the remainder when 5101666 is divided by 1700547?
25
What is the remainder when 3462870 is divided by 331?
279
Calculate the remainder when 678975 is divided by 678947.
28
What is the remainder when 351497 is divided by 2197?
2174
What is the remainder when 9796038 is divided by 1632668?
30
Calculate the remainder when 1005996 is divided by 1401.
78
Calculate the remainder when 162991 is divided by 54232.
295
Calculate the remainder when 1298948 is divided by 2557.
2549
Calculate the remainder when 1431745 is divided by 692.
689
Calculate the remainder when 111795 is divided by 4000.
3795
What is the remainder when 6766298 is divided by 455?
448
Calculate the remainder when 2330250 is divided by 68.
26
Calculate the remainder when 486116 is divided by 178.
176
What is the remainder when 448037 is divided by 2233?
1437
Calculate the remainder when 49204120 is divided by 104246.
8
Calculate the remainder when 25613 is divided by 25128.
485
Calculate the remainder when 66467687 is divided by 74.
73
Calculate the remainder when 44742340 is divided by 44742340.
0
What is the remainder when 2500893 is divided by 500052?
633
Calculate the remainder when 3675909 is divided by 70.
69
What is the remainder when 5117720 is divided by 10?
0
What is the remainder when 1807354 is divided by 903669?
16
What is the remainder when 244089119 is divided by 40681518?
11
Calculate the remainder when 356832172 is divided by 4421.
4420
What is the remainder when 18091306 is divided by 402029?
1
What is the remainder when 529927 is divided by 3256?
2455
Calculate the remainder when 70510 is divided by 3657.
1027
What is the remainder when 6334954 is divided by 153?
142
What is the remainder when 3812097 is divided by 10?
7
Calculate the remainder when 32346 is divided by 15457.
1432
Calculate the remainder when 19755557 is divided by 9877765.
27
Calculate the remainder when 6200568 is divided by 1240052.
308
Calculate the remainder when 5120752 is divided by 181.
81
Calculate the remainder when 1897450 is divided by 271063.
9
Calculate the remainder when 